{"id":4374,"date":"2025-03-14T20:51:56","date_gmt":"2025-03-14T19:51:56","guid":{"rendered":"https:\/\/maison-des-accompagnateurs.fr\/?page_id=4374"},"modified":"2025-03-14T20:59:04","modified_gmt":"2025-03-14T19:59:04","slug":"destination-grands-causses","status":"publish","type":"page","link":"https:\/\/maison-des-accompagnateurs.fr\/?page_id=4374","title":{"rendered":"Destination GRANDS CAUSSES"},"content":{"rendered":"<p>[vc_section][vc_row][vc_column]<div class=\"wpb_content_element \"><style type=\"text\/css\">#ut_header_69eb99ccafebe h1.page-title { font-size:30px !important; }<\/style><header id=\"ut_header_69eb99ccafebe\" class=\"page-header page-title-module  ut-no-title-linebreak-mobile ut-no-lead-linebreak-mobile pt-style-2 header-center header-tablet-center header-mobile-center\"><h1 data-title=\"Destination GRANDS CAUSSES\"  data-responsive-font=\"page_title\" data-responsive-font-settings=\"{&quot;base-font-size&quot;:&quot;global&quot;,&quot;font-size&quot;:{&quot;desktop_large&quot;:&quot;30&quot;},&quot;base-line-height&quot;:&quot;global&quot;,&quot;base-letter-spacing&quot;:&quot;global&quot;}\" class=\"page-title  \"><span>Destination GRANDS CAUSSES<\/span><\/h1><div data-delay=\"0\" class=\"lead \"><p>Destination grand causse<\/p>\n<\/div><\/header><\/div>[\/vc_column][\/vc_row][vc_row][vc_column width=\u00a0\u00bb1\/2&Prime;][vc_column_text]Canevas randonn\u00e9es compatible avec h\u00e9bergement<br \/>\n\u00e0 Nant, Millau ou secteur environnant<br \/>\nPartenaires :<br \/>\nRoc Nantais &#8211; Cap France,<br \/>\nDomaine Saint-Est\u00e8ve,<br \/>\nH\u00f4tel Les Douze,<br \/>\nCamping Saint-Pal,<br \/>\nCamping des Prades&#8230;[\/vc_column_text][\/vc_column][vc_column width=\u00a0\u00bb1\/2&Prime;]<div  class=\"wpb_content_element   clearfix\"><style type=\"text\/css\">#ut_am_69eb99ccb214f { opacity: 1; }#ut_am_wrap_69eb99ccb2150 .ut-image-gallery-item-caption-title h3 { letter-spacing: 0em; }#ut_am_wrap_69eb99ccb2150 .ut-gallery-slider-caption { font-weight: bold; }#ut_am_wrap_69eb99ccb2150 { text-align: left; }@media (min-width: 768px) and (max-width: 1024px) { #ut_am_wrap_69eb99ccb2150 { text-align: left !important; } }@media (max-width: 767px) { #ut_am_wrap_69eb99ccb2150 { text-align: center !important; } }<\/style><div id=\"ut_am_wrap_69eb99ccb2150\" class=\"ut-image-gallery-image \"><div id=\"ut_reveal_69eb99ccb2151\"  data-appear-top-offset=\"auto\" class=\"ut-animated-image-item ut-image-gallery-item ut-animation-done \"><a class=\"ut-deactivated-link\" href=\"#\"><div class=\"ut-animated-image-zoom\"><img loading=\"lazy\" decoding=\"async\" class=\"ut-lazy skip-lazy ut-animated-image \"  id=\"ut_am_69eb99ccb214f\" src=\"data:image\/svg+xml;charset=utf-8,%3Csvg xmlns%3D'http%3A%2F%2Fwww.w3.org%2F2000%2Fsvg' viewBox%3D'0 0 2480 2085'%2F%3E\" data-src=\"https:\/\/maison-des-accompagnateurs.fr\/wp-content\/uploads\/2025\/03\/PLAN.jpg\" width=\"2480\" height=\"2085\" alt=\"\"\/><\/div><\/a><\/div><\/div><\/div>[\/vc_column][\/vc_row][vc_row][vc_column]<div  class=\"wpb_content_element   clearfix\"><style type=\"text\/css\">#ut_am_69eb99ccb2498 { opacity: 1; }#ut_am_wrap_69eb99ccb2499 .ut-image-gallery-item-caption-title h3 { letter-spacing: 0em; }#ut_am_wrap_69eb99ccb2499 .ut-gallery-slider-caption { font-weight: bold; }#ut_am_wrap_69eb99ccb2499 { text-align: left; }@media (min-width: 768px) and (max-width: 1024px) { #ut_am_wrap_69eb99ccb2499 { text-align: left !important; } }@media (max-width: 767px) { #ut_am_wrap_69eb99ccb2499 { text-align: center !important; } }<\/style><div id=\"ut_am_wrap_69eb99ccb2499\" class=\"ut-image-gallery-image \"><div id=\"ut_reveal_69eb99ccb249a\"  data-appear-top-offset=\"auto\" class=\"ut-animated-image-item ut-image-gallery-item ut-animation-done \"><a class=\"ut-deactivated-link\" href=\"#\"><div class=\"ut-animated-image-zoom\"><img loading=\"lazy\" decoding=\"async\" class=\"ut-lazy skip-lazy ut-animated-image \"  id=\"ut_am_69eb99ccb2498\" src=\"data:image\/svg+xml;charset=utf-8,%3Csvg xmlns%3D'http%3A%2F%2Fwww.w3.org%2F2000%2Fsvg' viewBox%3D'0 0 2388 3261'%2F%3E\" data-src=\"https:\/\/maison-des-accompagnateurs.fr\/wp-content\/uploads\/2025\/03\/MdA-Plaquette-9-1-11.jpg\" width=\"2388\" height=\"3261\" alt=\"\"\/><\/div><\/a><\/div><\/div><\/div><div  class=\"wpb_content_element   clearfix\"><style type=\"text\/css\">#ut_am_69eb99ccb27a7 { opacity: 1; }#ut_am_wrap_69eb99ccb27a8 .ut-image-gallery-item-caption-title h3 { letter-spacing: 0em; }#ut_am_wrap_69eb99ccb27a8 .ut-gallery-slider-caption { font-weight: bold; }#ut_am_wrap_69eb99ccb27a8 { text-align: left; }@media (min-width: 768px) and (max-width: 1024px) { #ut_am_wrap_69eb99ccb27a8 { text-align: left !important; } }@media (max-width: 767px) { #ut_am_wrap_69eb99ccb27a8 { text-align: center !important; } }<\/style><div id=\"ut_am_wrap_69eb99ccb27a8\" class=\"ut-image-gallery-image \"><div id=\"ut_reveal_69eb99ccb27a9\"  data-appear-top-offset=\"auto\" class=\"ut-animated-image-item ut-image-gallery-item ut-animation-done \"><a class=\"ut-deactivated-link\" href=\"#\"><div class=\"ut-animated-image-zoom\"><img loading=\"lazy\" decoding=\"async\" class=\"ut-lazy skip-lazy ut-animated-image \"  id=\"ut_am_69eb99ccb27a7\" src=\"data:image\/svg+xml;charset=utf-8,%3Csvg xmlns%3D'http%3A%2F%2Fwww.w3.org%2F2000%2Fsvg' viewBox%3D'0 0 2428 3282'%2F%3E\" data-src=\"https:\/\/maison-des-accompagnateurs.fr\/wp-content\/uploads\/2025\/03\/MdA-Plaquette-9-1-12.jpg\" width=\"2428\" height=\"3282\" alt=\"\"\/><\/div><\/a><\/div><\/div><\/div><div  class=\"wpb_content_element   clearfix\"><style type=\"text\/css\">#ut_am_69eb99ccb2a8e { opacity: 1; }#ut_am_wrap_69eb99ccb2a8f .ut-image-gallery-item-caption-title h3 { letter-spacing: 0em; }#ut_am_wrap_69eb99ccb2a8f .ut-gallery-slider-caption { font-weight: bold; }#ut_am_wrap_69eb99ccb2a8f { text-align: left; }@media (min-width: 768px) and (max-width: 1024px) { #ut_am_wrap_69eb99ccb2a8f { text-align: left !important; } }@media (max-width: 767px) { #ut_am_wrap_69eb99ccb2a8f { text-align: center !important; } }<\/style><div id=\"ut_am_wrap_69eb99ccb2a8f\" class=\"ut-image-gallery-image \"><div id=\"ut_reveal_69eb99ccb2a90\"  data-appear-top-offset=\"auto\" class=\"ut-animated-image-item ut-image-gallery-item ut-animation-done \"><a class=\"ut-deactivated-link\" href=\"#\"><div class=\"ut-animated-image-zoom\"><img loading=\"lazy\" decoding=\"async\" class=\"ut-lazy skip-lazy ut-animated-image \"  id=\"ut_am_69eb99ccb2a8e\" src=\"data:image\/svg+xml;charset=utf-8,%3Csvg xmlns%3D'http%3A%2F%2Fwww.w3.org%2F2000%2Fsvg' viewBox%3D'0 0 2385 2996'%2F%3E\" data-src=\"https:\/\/maison-des-accompagnateurs.fr\/wp-content\/uploads\/2025\/03\/MdA-Plaquette-9-1-13dd.jpg\" width=\"2385\" height=\"2996\" alt=\"\"\/><\/div><\/a><\/div><\/div><\/div>[\/vc_column][\/vc_row][\/vc_section]<\/p>\n","protected":false},"excerpt":{"rendered":"<p>[vc_section][vc_row][vc_column][\/vc_column][\/vc_row][vc_row][vc_column width=\u00a0\u00bb1\/2&Prime;][vc_column_text]Canevas randonn\u00e9es compatible avec h\u00e9bergement \u00e0 Nant, Millau ou secteur environnant Partenaires : Roc Nantais &#8211; Cap France, Domaine Saint-Est\u00e8ve, H\u00f4tel Les Douze, Camping Saint-Pal, Camping des Prades&#8230;[\/vc_column_text][\/vc_column][vc_column width=\u00a0\u00bb1\/2&Prime;][\/vc_column][\/vc_row][vc_row][vc_column][\/vc_column][\/vc_row][\/vc_section]<\/p>\n","protected":false},"author":1,"featured_media":0,"parent":0,"menu_order":0,"comment_status":"closed","ping_status":"closed","template":"","meta":{"footnotes":""},"_links":{"self":[{"href":"https:\/\/maison-des-accompagnateurs.fr\/index.php?rest_route=\/wp\/v2\/pages\/4374"}],"collection":[{"href":"https:\/\/maison-des-accompagnateurs.fr\/index.php?rest_route=\/wp\/v2\/pages"}],"about":[{"href":"https:\/\/maison-des-accompagnateurs.fr\/index.php?rest_route=\/wp\/v2\/types\/page"}],"author":[{"embeddable":true,"href":"https:\/\/maison-des-accompagnateurs.fr\/index.php?rest_route=\/wp\/v2\/users\/1"}],"replies":[{"embeddable":true,"href":"https:\/\/maison-des-accompagnateurs.fr\/index.php?rest_route=%2Fwp%2Fv2%2Fcomments&post=4374"}],"version-history":[{"count":5,"href":"https:\/\/maison-des-accompagnateurs.fr\/index.php?rest_route=\/wp\/v2\/pages\/4374\/revisions"}],"predecessor-version":[{"id":4385,"href":"https:\/\/maison-des-accompagnateurs.fr\/index.php?rest_route=\/wp\/v2\/pages\/4374\/revisions\/4385"}],"wp:attachment":[{"href":"https:\/\/maison-des-accompagnateurs.fr\/index.php?rest_route=%2Fwp%2Fv2%2Fmedia&parent=4374"}],"curies":[{"name":"wp","href":"https:\/\/api.w.org\/{rel}","templated":true}]}}