{"id":4588,"date":"2025-03-17T10:31:41","date_gmt":"2025-03-17T09:31:41","guid":{"rendered":"https:\/\/maison-des-accompagnateurs.fr\/?page_id=4588"},"modified":"2025-03-21T11:42:26","modified_gmt":"2025-03-21T10:42:26","slug":"rando-gourmande","status":"publish","type":"page","link":"https:\/\/maison-des-accompagnateurs.fr\/?page_id=4588","title":{"rendered":"Rando Gourmande"},"content":{"rendered":"<p>[vc_section][vc_row][vc_column]<div class=\"wpb_content_element \"><style type=\"text\/css\">#ut_header_69ebae8bed43e h1.page-title { font-size:30px !important; }<\/style><header id=\"ut_header_69ebae8bed43e\" class=\"page-header page-title-module  ut-no-title-linebreak-mobile ut-no-lead-linebreak-mobile pt-style-2 header-center header-tablet-center header-mobile-center\"><h1 data-title=\"Rando Gourmande\"  data-responsive-font=\"page_title\" data-responsive-font-settings=\"{&quot;base-font-size&quot;:&quot;global&quot;,&quot;font-size&quot;:{&quot;desktop_large&quot;:&quot;30&quot;},&quot;base-line-height&quot;:&quot;global&quot;,&quot;base-letter-spacing&quot;:&quot;global&quot;}\" class=\"page-title  \"><span>Rando Gourmande<\/span><\/h1><\/header><\/div>[\/vc_column][\/vc_row][vc_row][vc_column]<div id=\"ut_oms_69ebae8bef355\" class=\"wpb_content_element \"><style type=\"text\/css\"> #ut_oms_69ebae8bef355 .ut-gallery-slider-caption-wrap::before { content: \"\"; }<\/style><div class=\"ut-owl-gallery-slider-wrap ut-owl-gallery-slider-style-two\"><div id=\"ut_ms_69ebae8bef354\" class=\"ut-owl-gallery-slider owl-carousel owl-theme  ut-owl-carousel\" data-settings=\"{&quot;items&quot;:1,&quot;lazyLoad&quot;:true,&quot;smartSpeed&quot;:600,&quot;animateIn&quot;:false,&quot;animateOut&quot;:false,&quot;autoplay&quot;:true,&quot;autoplayHoverPause&quot;:true,&quot;autoplayTimeout&quot;:5000,&quot;loop&quot;:true,&quot;nav&quot;:false,&quot;dots&quot;:false,&quot;responsiveClass&quot;:true,&quot;responsive&quot;:{&quot;0&quot;:{&quot;items&quot;:1},&quot;768&quot;:{&quot;items&quot;:1},&quot;1025&quot;:{&quot;items&quot;:1}},&quot;lightbox&quot;:&quot;no&quot;}\"><div><figure class=\"ut-gallery-slider-caption-wrap\"><img class=\"item owl-lazy\"  data-src=\"https:\/\/maison-des-accompagnateurs.fr\/wp-content\/uploads\/2025\/03\/IMG-20230829-WA0013-1-325x217.jpg\" \/><\/figure><\/div><div><figure class=\"ut-gallery-slider-caption-wrap\"><img class=\"item owl-lazy\"  data-src=\"https:\/\/maison-des-accompagnateurs.fr\/wp-content\/uploads\/2025\/03\/IMG-20230829-WA0045-325x217.jpg\" \/><\/figure><\/div><div><figure class=\"ut-gallery-slider-caption-wrap\"><img class=\"item owl-lazy\"  data-src=\"https:\/\/maison-des-accompagnateurs.fr\/wp-content\/uploads\/2025\/03\/thio-morgane-emilie-hd-4-1600x900-1-325x217.jpg\" \/><\/figure><\/div><div><figure class=\"ut-gallery-slider-caption-wrap\"><img class=\"item owl-lazy\"  data-src=\"https:\/\/maison-des-accompagnateurs.fr\/wp-content\/uploads\/2025\/03\/1720381816-325x217.jpg\" \/><\/figure><\/div><div><figure class=\"ut-gallery-slider-caption-wrap\"><img class=\"item owl-lazy\"  data-src=\"https:\/\/maison-des-accompagnateurs.fr\/wp-content\/uploads\/2025\/03\/Vigne-Gorges-du-Tarn-325x217.jpg\" \/><\/figure><\/div><div><figure class=\"ut-gallery-slider-caption-wrap\"><img class=\"item owl-lazy\"  data-src=\"https:\/\/maison-des-accompagnateurs.fr\/wp-content\/uploads\/2025\/03\/rando-vigne-325x217.jpg\" \/><\/figure><\/div><div><figure class=\"ut-gallery-slider-caption-wrap\"><img class=\"item owl-lazy\"  data-src=\"https:\/\/maison-des-accompagnateurs.fr\/wp-content\/uploads\/2025\/03\/FB_IMG_1700769628980-325x217.jpg\" \/><\/figure><\/div><div><figure class=\"ut-gallery-slider-caption-wrap\"><img class=\"item owl-lazy\"  data-src=\"https:\/\/maison-des-accompagnateurs.fr\/wp-content\/uploads\/2025\/03\/entree-cave-2-325x217.jpg\" \/><\/figure><\/div><\/div><a href=\"#\" data-for=\"ut_ms_69ebae8bef354\" class=\"ut-prev-gallery-slide \"><i class=\"Bklyn-Core-Left-2\"><\/i><\/a><a href=\"#\" data-for=\"ut_ms_69ebae8bef354\" class=\"ut-next-gallery-slide \"><i class=\"Bklyn-Core-Right-2\"><\/i><\/a><\/div><\/div>[\/vc_column][\/vc_row][vc_row][vc_column][vc_column_text]<\/p>\n<h2>Rando Gourmande<\/h2>\n<p>Partez \u00e0 la d\u00e9couverte du terroir\u00a0Aveyronnais des Gorges du Tarn ! Avec un accompagnateur en montagne, vous d\u00e9couvrirez le Domaine viticole du Vieux Noyer. Situ\u00e9 \u00e0 l&rsquo;entr\u00e9e des Gorges, sous le ch\u00e2teau de Peyrelade, partez pour une randonn\u00e9e en soir\u00e9e alliant patrimoine, vins et gastronomie agr\u00e9ment\u00e9 d&rsquo;un aligot saucisse en guise de pique-nique !<\/p>\n<p>En groupe, nous traverserons les vignes du Domaine du Vieux Noyer, \u00e0 la rencontre de la nature unique des Gorges du Tarn, des constructions et histoires pass\u00e9s&#8230; La randonn\u00e9es nous offrira tout du long des points de vues exceptionnels.<\/p>\n<p>&#8211;\u00a0<strong>Pique-nique, avec produits locaux.<\/strong><\/p>\n<p>&#8211; Apportez votre gourde ou bouteille d&rsquo;eau.<\/p>\n<p>&#8211; Chaussures l\u00e9g\u00e8res de sport, ou de marche,\u00a0<strong>indispensables<\/strong><\/p>\n<p><strong>&#8211; Pr\u00e9voir eau + lampe frontale + sac \u00e0 dos.<\/strong><\/p>\n<p>L\u2019esprit de cette sortie est bas\u00e9 sur l\u2019\u00e9change et le partage\u2026<\/p>\n<p>Randonn\u00e9e tous les mercredi soir de juillet et d&rsquo;ao\u00fbt.<\/p>\n<p>Visite de la cave et d\u00e9gustation au Domaine du Vieux Noyer en d\u00e9but de soir\u00e9e.<\/p>\n<p>Horaire de d\u00e9part : 18h20<\/p>\n<p>Point de d\u00e9part : Domaine du Vieux Noyer<\/p>\n<p>Domaine du Vieux Noyer<\/p>\n<p>Boyne<\/p>\n<p>12460 Rivi\u00e8re sur Tarn<\/p>\n<p>VRAIE randonn\u00e9e qui n\u00e9cessite d&rsquo;\u00eatre bien chauss\u00e9 (pas de tongues ni sandalettes !) car terrain rocailleux ou irr\u00e9gulier. Il peut faire chaud, pensez \u00e0 prendre de l&rsquo;eau, une casquette et de la cr\u00e8me solaire.<\/p>\n<p>Possibilit\u00e9 d&rsquo;acheter du vin sur place et autres boissons (bi\u00e8res, limonade, cola &#8230;)[\/vc_column_text][vc_row_inner][vc_column_inner width=\u00a0\u00bb1\/2&Prime;][vc_gmaps link=\u00a0\u00bb#E-8_JTNDaWZyYW1lJTIwc3JjJTNEJTIyaHR0cHMlM0ElMkYlMkZ3d3cuZ29vZ2xlLmNvbSUyRm1hcHMlMkZlbWJlZCUzRnBiJTNEJTIxMW0xNCUyMTFtOCUyMTFtMyUyMTFkNzE1LjA1MTc0NjIyNzQxMDQlMjEyZDMuMTU4NzI1NiUyMTNkNDQuMjAyODAzMiUyMTNtMiUyMTFpMTAyNCUyMTJpNzY4JTIxNGYxMy4xJTIxM20zJTIxMW0yJTIxMXMweDEyYjNiMjBhYmQ5ODczZjklMjUzQTB4MzI3MTA5YmZlZWJlMjgzMCUyMTJzRG9tYWluZSUyNTIwZHUlMjUyMFZpZXV4JTI1MjBOb3llciUyMTVlMCUyMTNtMiUyMTFzZnIlMjEyc2ZyJTIxNHYxNzQyMjAzODg2ODYwJTIxNW0yJTIxMXNmciUyMTJzZnIlMjIlMjB3aWR0aCUzRCUyMjYwMCUyMiUyMGhlaWdodCUzRCUyMjQ1MCUyMiUyMHN0eWxlJTNEJTIyYm9yZGVyJTNBMCUzQiUyMiUyMGFsbG93ZnVsbHNjcmVlbiUzRCUyMiUyMiUyMGxvYWRpbmclM0QlMjJsYXp5JTIyJTIwcmVmZXJyZXJwb2xpY3klM0QlMjJuby1yZWZlcnJlci13aGVuLWRvd25ncmFkZSUyMiUzRSUzQyUyRmlmcmFtZSUzRQ==\u00a0\u00bb title=\u00a0\u00bbD\u00e9part\u00a0\u00bb][\/vc_column_inner][vc_column_inner width=\u00a0\u00bb1\/2&Prime;][vc_column_text]<\/p>\n<h2>Tarifs\u00a0:<\/h2>\n<p>Adultes : 19 \u20ac<br \/>\nEnfants &#8211; 12ans : 13 \u20ac<br \/>\nFamille (2 adultes et 2 enfants) : 55 \u20ac<\/p>\n<p>Le prix comprend :<br \/>\n&#8211; L&rsquo;accompagnement de la randonn\u00e9e par un guide dipl\u00f4m\u00e9 d&rsquo;Etat.<br \/>\n&#8211; La visite de la Maison des Vautours.<\/p>\n<p>Lien de r\u00e9servation :<\/p>\n<p><a href=\"https:\/\/www.explore-millau.com\/reserver\/les-randos-animees\/\" target=\"_blank\" rel=\"noopener\" data-saferedirecturl=\"https:\/\/www.google.com\/url?q=https:\/\/www.explore-millau.com\/reserver\/les-randos-animees\/&amp;source=gmail&amp;ust=1742287192053000&amp;usg=AOvVaw2MEVpPwRd-Amxod8hwM37c\">https:\/\/www.explore-millau.<wbr \/>com\/reserver\/les-randos-<wbr \/>animees\/<\/a>[\/vc_column_text][\/vc_column_inner][\/vc_row_inner][\/vc_column][\/vc_row][\/vc_section]<\/p>\n","protected":false},"excerpt":{"rendered":"<p>[vc_section][vc_row][vc_column][\/vc_column][\/vc_row][vc_row][vc_column][\/vc_column][\/vc_row][vc_row][vc_column][vc_column_text] Rando Gourmande Partez \u00e0 la d\u00e9couverte du terroir\u00a0Aveyronnais des Gorges du Tarn ! Avec un accompagnateur en montagne, vous d\u00e9couvrirez le Domaine viticole du Vieux Noyer. Situ\u00e9 \u00e0 l&rsquo;entr\u00e9e des Gorges, sous le ch\u00e2teau de Peyrelade, partez pour une randonn\u00e9e en soir\u00e9e alliant patrimoine, vins et gastronomie agr\u00e9ment\u00e9 d&rsquo;un aligot saucisse en guise de [&hellip;]<\/p>\n","protected":false},"author":1,"featured_media":0,"parent":0,"menu_order":0,"comment_status":"closed","ping_status":"closed","template":"","meta":{"footnotes":""},"_links":{"self":[{"href":"https:\/\/maison-des-accompagnateurs.fr\/index.php?rest_route=\/wp\/v2\/pages\/4588"}],"collection":[{"href":"https:\/\/maison-des-accompagnateurs.fr\/index.php?rest_route=\/wp\/v2\/pages"}],"about":[{"href":"https:\/\/maison-des-accompagnateurs.fr\/index.php?rest_route=\/wp\/v2\/types\/page"}],"author":[{"embeddable":true,"href":"https:\/\/maison-des-accompagnateurs.fr\/index.php?rest_route=\/wp\/v2\/users\/1"}],"replies":[{"embeddable":true,"href":"https:\/\/maison-des-accompagnateurs.fr\/index.php?rest_route=%2Fwp%2Fv2%2Fcomments&post=4588"}],"version-history":[{"count":6,"href":"https:\/\/maison-des-accompagnateurs.fr\/index.php?rest_route=\/wp\/v2\/pages\/4588\/revisions"}],"predecessor-version":[{"id":4713,"href":"https:\/\/maison-des-accompagnateurs.fr\/index.php?rest_route=\/wp\/v2\/pages\/4588\/revisions\/4713"}],"wp:attachment":[{"href":"https:\/\/maison-des-accompagnateurs.fr\/index.php?rest_route=%2Fwp%2Fv2%2Fmedia&parent=4588"}],"curies":[{"name":"wp","href":"https:\/\/api.w.org\/{rel}","templated":true}]}}