{"id":4644,"date":"2025-03-17T11:17:41","date_gmt":"2025-03-17T10:17:41","guid":{"rendered":"https:\/\/maison-des-accompagnateurs.fr\/?page_id=4644"},"modified":"2025-03-17T11:26:17","modified_gmt":"2025-03-17T10:26:17","slug":"les-canalettes-du-larzac","status":"publish","type":"page","link":"https:\/\/maison-des-accompagnateurs.fr\/?page_id=4644","title":{"rendered":"Les Canalettes du Larzac"},"content":{"rendered":"<p>[vc_section][vc_row][vc_column]<div class=\"wpb_content_element \"><style type=\"text\/css\">#ut_header_69e6630e28354 h1.page-title { font-size:30px !important; }<\/style><header id=\"ut_header_69e6630e28354\" class=\"page-header page-title-module  ut-no-title-linebreak-mobile ut-no-lead-linebreak-mobile pt-style-2 header-center header-tablet-center header-mobile-center\"><h1 data-title=\"Les Canalettes du Larzac\"  data-responsive-font=\"page_title\" data-responsive-font-settings=\"{&quot;base-font-size&quot;:&quot;global&quot;,&quot;font-size&quot;:{&quot;desktop_large&quot;:&quot;30&quot;},&quot;base-line-height&quot;:&quot;global&quot;,&quot;base-letter-spacing&quot;:&quot;global&quot;}\" class=\"page-title  \"><span>Les Canalettes du Larzac<\/span><\/h1><\/header><\/div>[\/vc_column][\/vc_row][vc_row][vc_column]<div class=\"wpb_content_element   clearfix\"><style type=\"text\/css\">#ut_ig_69e6630e2a0dc .ut-lazy:not(.ut-image-loaded) + .ut-video-module-loading { display:block; }#ut_ig_69e6630e2a0dc .ut-lazy.ut-image-loaded + .ut-video-module-loading { display:none; }#ut_ig_69e6630e2a0dc .ut-image-gallery-item-wrap {width: calc(33.3333% - 0px);margin-bottom: 0px;}#ut_ig_69e6630e2a0dc .ut-image-gallery-item,#ut_ig_69e6630e2a0dc .ut-image-gallery-item-wrap {padding: 0;}#ut_ig_69e6630e2a0dc .ut-image-gallery-sizer {width: calc(33.3333% - 0px);}@media (min-width: 768px) and (max-width: 1024px) {#ut_ig_69e6630e2a0dc {margin-right: -0px;}#ut_ig_69e6630e2a0dc .ut-image-gallery-item-wrap {width: calc(33.3333% - 0px);margin-bottom: 0px;}#ut_ig_69e6630e2a0dc .ut-image-gallery-sizer {width: calc(33.3333% - 0px);}}@media (max-width: 767px) {#ut_ig_69e6630e2a0dc {margin-right: -0px;}#ut_ig_69e6630e2a0dc .ut-image-gallery-item-wrap {width: calc(50.0000% - 0px);margin-bottom: 0px;}#ut_ig_69e6630e2a0dc .ut-image-gallery-sizer {width: calc(50.0000% - 0px);}}<\/style><div id=\"ut_ig_69e6630e2a0dc\" class=\"ut-image-gallery ut-image-gallery-module  ut-image-gallery-masonry clearfix\" data-settings=\"{&quot;animate&quot;:true,&quot;effect&quot;:&quot;&quot;,&quot;lazy&quot;:true,&quot;delay_animation&quot;:false,&quot;global_delay_animation&quot;:false,&quot;delay_timer&quot;:100,&quot;global_delay_timer&quot;:100}\" data-mason-gal=\"on\" data-mason-gal-gutter=\"0\" data-mason-gal-gutter-tablet=\"0\" data-mason-gal-gutter-mobile=\"0\"><div class=\"ut-image-gallery-item-wrap\"><div  data-count=\"3\" class=\"ut-image-gallery-item ut-animation-done \"><a  class=\"ut-vc-images-lightbox ut-vc-images-lightbox-group-image\"  data-exthumbimage=\"https:\/\/maison-des-accompagnateurs.fr\/wp-content\/uploads\/2025\/03\/20241025_151607-Copie-200x200.jpg\" href=\"https:\/\/maison-des-accompagnateurs.fr\/wp-content\/uploads\/2025\/03\/20241025_151607-Copie-540x720.jpg\" ><div class=\"ut-image-gallery-image\" ><img loading=\"lazy\" decoding=\"async\"  class=\" ut-lazy skip-lazy\" src=\"data:image\/svg+xml;charset=utf-8,%3Csvg xmlns%3D'http%3A%2F%2Fwww.w3.org%2F2000%2Fsvg' viewBox%3D'0 0 3000 4000'%2F%3E\" data-src=\"https:\/\/maison-des-accompagnateurs.fr\/wp-content\/uploads\/2025\/03\/20241025_151607-Copie-rotated.jpg\" width=\"3000\" height=\"4000\"><\/div><\/a><\/div><\/div><div class=\"ut-image-gallery-item-wrap\"><div  data-count=\"3\" class=\"ut-image-gallery-item ut-animation-done ut-animation-done \"><a  class=\"ut-vc-images-lightbox ut-vc-images-lightbox-group-image\"  data-exthumbimage=\"https:\/\/maison-des-accompagnateurs.fr\/wp-content\/uploads\/2025\/03\/20241025_104142-200x200.jpg\" href=\"https:\/\/maison-des-accompagnateurs.fr\/wp-content\/uploads\/2025\/03\/20241025_104142-540x720.jpg\" ><div class=\"ut-image-gallery-image\" ><img loading=\"lazy\" decoding=\"async\"  class=\" ut-lazy skip-lazy\" src=\"data:image\/svg+xml;charset=utf-8,%3Csvg xmlns%3D'http%3A%2F%2Fwww.w3.org%2F2000%2Fsvg' viewBox%3D'0 0 3000 4000'%2F%3E\" data-src=\"https:\/\/maison-des-accompagnateurs.fr\/wp-content\/uploads\/2025\/03\/20241025_104142-rotated.jpg\" width=\"3000\" height=\"4000\"><\/div><\/a><\/div><\/div><div class=\"ut-image-gallery-item-wrap\"><div  data-count=\"3\" class=\"ut-image-gallery-item ut-animation-done ut-animation-done ut-animation-done \"><a  class=\"ut-vc-images-lightbox ut-vc-images-lightbox-group-image\"  data-exthumbimage=\"https:\/\/maison-des-accompagnateurs.fr\/wp-content\/uploads\/2025\/03\/20241025_111618-Copie-200x200.jpg\" href=\"https:\/\/maison-des-accompagnateurs.fr\/wp-content\/uploads\/2025\/03\/20241025_111618-Copie-540x720.jpg\" ><div class=\"ut-image-gallery-image\" ><img loading=\"lazy\" decoding=\"async\"  class=\" ut-lazy skip-lazy\" src=\"data:image\/svg+xml;charset=utf-8,%3Csvg xmlns%3D'http%3A%2F%2Fwww.w3.org%2F2000%2Fsvg' viewBox%3D'0 0 3000 4000'%2F%3E\" data-src=\"https:\/\/maison-des-accompagnateurs.fr\/wp-content\/uploads\/2025\/03\/20241025_111618-Copie-rotated.jpg\" width=\"3000\" height=\"4000\"><\/div><\/a><\/div><\/div><div class=\"ut-image-gallery-sizer\"><\/div><div class=\"clear\"><\/div><\/div><\/div>[\/vc_column][\/vc_row][vc_row][vc_column][vc_column_text]<\/p>\n<h2>Les Canalettes du Larzac<\/h2>\n<p>D\u00e9couvrez le Larzac comme vous ne l&rsquo;avez jamais vue ! Partez avec un accompagnateur en montagne au centre de la Terre !\u00a0Une randonn\u00e9e pleine de surprises dans un d\u00e9cor fantastique. De grottes en clairi\u00e8res le guide vous emm\u00e8ne \u00e0 la recherche des canalettes, ces discr\u00e8tes crevasses de calcaire.<\/p>\n<p>Une sortie sympa en famille pour d\u00e9couvrir l&rsquo;histoire et la biodiversit\u00e9 des Grands Causses.<\/p>\n<p>Le petit + : Parcours facile adapt\u00e9 \u00e0 toute la famille, et une rando fraicheur qui fait du bien sur le Larzac !<\/p>\n<p>En groupe, nous cheminerons le plateau, \u00e0 la rencontre de la nature unique des Grands Causses, et surtout de ses failles calcaires, un \u00e9cosyst\u00e8me \u00e0 part sur le Larzac !<\/p>\n<p>&#8211;\u00a0<strong>Randonn\u00e9e d&rsquo;environ 6 km<\/strong>\u00a0et\u00a0<strong>100 m\u00e8tres de d\u00e9nivel\u00e9<\/strong>.<\/p>\n<p>&#8211;\u00a0<strong>Pr\u00e9voir eau + casquette + protection solaire.<\/strong><\/p>\n<p>&#8211; Apportez votre gourde ou bouteille d&rsquo;eau\u00a0<strong>1.5L min<\/strong>.<\/p>\n<p>&#8211; Chaussures l\u00e9g\u00e8res de sport, ou de marche,\u00a0<strong>indispensables,<\/strong><\/p>\n<p>Randonn\u00e9e tous les lundi matin de juillet et d&rsquo;ao\u00fbt 2024.<\/p>\n<p>Possibilit\u00e9 de pique-niquer sur place.<\/p>\n<h2>Horaire de d\u00e9part : 8h30<\/h2>\n<p>Point de d\u00e9part :<\/p>\n<p>Parking des Canoles \u2013 12230 L\u2019Hospitalet-du-Larzac<\/p>\n<p><a href=\"https:\/\/maps.app.goo.gl\/h9BLYPhFvRZ1qd7u6\" target=\"_blank\" rel=\"noopener\" data-saferedirecturl=\"https:\/\/www.google.com\/url?q=https:\/\/maps.app.goo.gl\/h9BLYPhFvRZ1qd7u6&amp;source=gmail&amp;ust=1742287195788000&amp;usg=AOvVaw3euhmpqtt2skFnBX88yR7u\">https:\/\/maps.app.goo.gl\/<wbr \/>h9BLYPhFvRZ1qd7u6<\/a><\/p>\n<p>VRAIE randonn\u00e9e qui n\u00e9cessite d&rsquo;\u00eatre bien chauss\u00e9 (pas de tongues ni sandalettes !) car terrain rocailleux ou irr\u00e9gulier. Il peut faire chaud sur le plateau, pensez \u00e0 prendre de l&rsquo;eau, une casquette et de la cr\u00e8me solaire.[\/vc_column_text][vc_row_inner][vc_column_inner width=\u00a0\u00bb1\/2&Prime;][vc_gmaps link=\u00a0\u00bb#E-8_JTNDaWZyYW1lJTIwc3JjJTNEJTIyaHR0cHMlM0ElMkYlMkZ3d3cuZ29vZ2xlLmNvbSUyRm1hcHMlMkZlbWJlZCUzRnBiJTNEJTIxMW0xNCUyMTFtOCUyMTFtMyUyMTFkMTY0NzguOTgwOTU2MDE5NDclMjEyZDMuMjA5MjUwOCUyMTNkNDMuOTc3NzUzNiUyMTNtMiUyMTFpMTAyNCUyMTJpNzY4JTIxNGYxMy4xJTIxM20zJTIxMW0yJTIxMXMweDEyYjNjZjI1YjI2ZTE2ZWYlMjUzQTB4ZTM0ZGYxYzA4MjhlOTU3OSUyMTJzUmFuZG8lMjUyMExlcyUyNTIwQ2Fub2xlcyUyMTVlMSUyMTNtMiUyMTFzZnIlMjEyc2ZyJTIxNHYxNzQyMjA2NzQ4NjcyJTIxNW0yJTIxMXNmciUyMTJzZnIlMjIlMjB3aWR0aCUzRCUyMjYwMCUyMiUyMGhlaWdodCUzRCUyMjQ1MCUyMiUyMHN0eWxlJTNEJTIyYm9yZGVyJTNBMCUzQiUyMiUyMGFsbG93ZnVsbHNjcmVlbiUzRCUyMiUyMiUyMGxvYWRpbmclM0QlMjJsYXp5JTIyJTIwcmVmZXJyZXJwb2xpY3klM0QlMjJuby1yZWZlcnJlci13aGVuLWRvd25ncmFkZSUyMiUzRSUzQyUyRmlmcmFtZSUzRQ==\u00a0\u00bb title=\u00a0\u00bbD\u00e9part\u00a0\u00bb][\/vc_column_inner][vc_column_inner width=\u00a0\u00bb1\/2&Prime;][vc_column_text]<\/p>\n<h2>Tarifs\u00a0:<\/h2>\n<p>Adultes : 19 \u20ac<\/p>\n<p>Enfants \u2013 12ans : 13 \u20ac<\/p>\n<p>Famille (2 adultes et 2 enfants) : 55 \u20ac<\/p>\n<h2>Le prix comprend :<\/h2>\n<p>&#8211; L&rsquo;accompagnement de la randonn\u00e9e par un guide dipl\u00f4m\u00e9 d&rsquo;\u00e9tat.<\/p>\n<p>&#8211; L&rsquo;exp\u00e9rience sur un site exceptionnel<\/p>\n<h2>Lien de r\u00e9servation :<\/h2>\n<p><a href=\"https:\/\/www.explore-millau.com\/reserver\/les-randos-animees\/\" target=\"_blank\" rel=\"noopener\" data-saferedirecturl=\"https:\/\/www.google.com\/url?q=https:\/\/www.explore-millau.com\/reserver\/les-randos-animees\/&amp;source=gmail&amp;ust=1742287192053000&amp;usg=AOvVaw2MEVpPwRd-Amxod8hwM37c\">https:\/\/www.explore-millau.<wbr \/>com\/reserver\/les-randos-<wbr \/>animees\/<\/a>[\/vc_column_text][\/vc_column_inner][\/vc_row_inner][\/vc_column][\/vc_row][\/vc_section]<\/p>\n","protected":false},"excerpt":{"rendered":"<p>[vc_section][vc_row][vc_column][\/vc_column][\/vc_row][vc_row][vc_column][\/vc_column][\/vc_row][vc_row][vc_column][vc_column_text] Les Canalettes du Larzac D\u00e9couvrez le Larzac comme vous ne l&rsquo;avez jamais vue ! Partez avec un accompagnateur en montagne au centre de la Terre !\u00a0Une randonn\u00e9e pleine de surprises dans un d\u00e9cor fantastique. De grottes en clairi\u00e8res le guide vous emm\u00e8ne \u00e0 la recherche des canalettes, ces discr\u00e8tes crevasses de calcaire. Une sortie [&hellip;]<\/p>\n","protected":false},"author":1,"featured_media":0,"parent":0,"menu_order":0,"comment_status":"closed","ping_status":"closed","template":"","meta":{"footnotes":""},"_links":{"self":[{"href":"https:\/\/maison-des-accompagnateurs.fr\/index.php?rest_route=\/wp\/v2\/pages\/4644"}],"collection":[{"href":"https:\/\/maison-des-accompagnateurs.fr\/index.php?rest_route=\/wp\/v2\/pages"}],"about":[{"href":"https:\/\/maison-des-accompagnateurs.fr\/index.php?rest_route=\/wp\/v2\/types\/page"}],"author":[{"embeddable":true,"href":"https:\/\/maison-des-accompagnateurs.fr\/index.php?rest_route=\/wp\/v2\/users\/1"}],"replies":[{"embeddable":true,"href":"https:\/\/maison-des-accompagnateurs.fr\/index.php?rest_route=%2Fwp%2Fv2%2Fcomments&post=4644"}],"version-history":[{"count":6,"href":"https:\/\/maison-des-accompagnateurs.fr\/index.php?rest_route=\/wp\/v2\/pages\/4644\/revisions"}],"predecessor-version":[{"id":4656,"href":"https:\/\/maison-des-accompagnateurs.fr\/index.php?rest_route=\/wp\/v2\/pages\/4644\/revisions\/4656"}],"wp:attachment":[{"href":"https:\/\/maison-des-accompagnateurs.fr\/index.php?rest_route=%2Fwp%2Fv2%2Fmedia&parent=4644"}],"curies":[{"name":"wp","href":"https:\/\/api.w.org\/{rel}","templated":true}]}}