{"id":6,"date":"2023-02-28T12:40:26","date_gmt":"2023-02-28T11:40:26","guid":{"rendered":"https:\/\/maison-des-accompagnateurs.fr\/?page_id=6"},"modified":"2025-03-17T22:10:04","modified_gmt":"2025-03-17T21:10:04","slug":"sejour-famille","status":"publish","type":"page","link":"https:\/\/maison-des-accompagnateurs.fr\/?page_id=6","title":{"rendered":"S\u00e9jour famille"},"content":{"rendered":"<p>[vc_section][vc_row][vc_column]<div class=\"wpb_content_element \"><style type=\"text\/css\">#ut_header_69e613736e180 h1.page-title { font-size:30px !important; }<\/style><header id=\"ut_header_69e613736e180\" class=\"page-header page-title-module  ut-no-title-linebreak-mobile ut-no-lead-linebreak-mobile pt-style-2 header-center header-tablet-center header-mobile-center\"><h1 data-title=\"S\u00e9jour famille\"  data-responsive-font=\"page_title\" data-responsive-font-settings=\"{&quot;base-font-size&quot;:&quot;global&quot;,&quot;font-size&quot;:{&quot;desktop_large&quot;:&quot;30&quot;},&quot;base-line-height&quot;:&quot;global&quot;,&quot;base-letter-spacing&quot;:&quot;global&quot;}\" class=\"page-title  \"><span>S\u00e9jour famille<\/span><\/h1><div data-delay=\"0\" class=\"lead \"><p>S\u00e9jours multi activit\u00e9 en famille<\/p>\n<\/div><\/header><\/div>[vc_column_text]Nos s\u00e9jours famille ont \u00e9t\u00e9 imagin\u00e9s avec nos Tours op\u00e9rateurs sp\u00e9cialistes partenaires. Ils sont adapt\u00e9s \u00e0 l&rsquo;\u00e2ge de vos enfants, au rythme des vacances en famille et ils sont encadr\u00e9s par des professionnels locaux.<\/p>\n<p>Nature Occitane est le\u00a0sp\u00e9cialistes de ces s\u00e9jours multi activit\u00e9 en famille dans le Sud de la France, en Occitanie. Depuis 2012, nous\u00a0guidons ses s\u00e9jours alliant sport et nature en famille dans les C\u00e9vennes,\u00a0et sur les grand causses.<\/p>\n<p>Nous vous proposons d&rsquo;int\u00e9grer un groupe de 4 \u00e0 15 participants pour une semaine d&rsquo;aventure en famille. Nous organisons \u00e9galement des s\u00e9jours sur-mesure sur demande.[\/vc_column_text][vc_row_inner][vc_column_inner width=\u00a0\u00bb1\/2&Prime;]<style type=\"text\/css\">#ut_fancy_image_69e613737009f .ut-fancy-image figcaption h3 { color: #ffffff; }<\/style><div id=\"ut_fancy_image_69e613737009f\" class=\"ut-fancy-image-wrap \"><a target=\"_self\" href=\"https:\/\/maison-des-accompagnateurs.fr\/?page_id=3834\" ><figure class=\"ut-fancy-image\">\r\n        <img loading=\"lazy\" decoding=\"async\" data-adaptive-images=\"{&quot;300&quot;:&quot;https:\\\/\\\/maison-des-accompagnateurs.fr\\\/wp-content\\\/uploads\\\/2025\\\/02\\\/IMG-20240724-WA0046-2-300x169.jpg&quot;,&quot;500&quot;:&quot;https:\\\/\\\/maison-des-accompagnateurs.fr\\\/wp-content\\\/uploads\\\/2025\\\/02\\\/IMG-20240724-WA0046-2-500x281.jpg&quot;,&quot;750&quot;:&quot;https:\\\/\\\/maison-des-accompagnateurs.fr\\\/wp-content\\\/uploads\\\/2025\\\/02\\\/IMG-20240724-WA0046-2-750x422.jpg&quot;,&quot;1000&quot;:&quot;https:\\\/\\\/maison-des-accompagnateurs.fr\\\/wp-content\\\/uploads\\\/2025\\\/02\\\/IMG-20240724-WA0046-2-1000x562.jpg&quot;,&quot;1500&quot;:&quot;https:\\\/\\\/maison-des-accompagnateurs.fr\\\/wp-content\\\/uploads\\\/2025\\\/02\\\/IMG-20240724-WA0046-2-1500x843.jpg&quot;,&quot;2500&quot;:&quot;https:\\\/\\\/maison-des-accompagnateurs.fr\\\/wp-content\\\/uploads\\\/2025\\\/02\\\/IMG-20240724-WA0046-2-2500x1406.jpg&quot;}\" src=\"data:image\/svg+xml;charset=utf-8,%3Csvg xmlns%3D'http%3A%2F%2Fwww.w3.org%2F2000%2Fsvg' viewBox%3D'0 0 1500 843'%2F%3E\" width=\"1500\" height=\"843\" data-src=\"https:\/\/maison-des-accompagnateurs.fr\/wp-content\/uploads\/2025\/02\/IMG-20240724-WA0046-2-1500x843.jpg\" data-image-id=\"4203\" class=\"ut-adaptive-image wp-post-image skip-lazy \">\r\n\r\n        <figcaption><h3>C\u00e9vennes<\/h3><\/figcaption><\/figure><\/a><\/div>[\/vc_column_inner][vc_column_inner width=\u00a0\u00bb1\/2&Prime;]<style type=\"text\/css\">#ut_fancy_image_69e6137381010 .ut-fancy-image figcaption h3 { color: #ffffff; }<\/style><div id=\"ut_fancy_image_69e6137381010\" class=\"ut-fancy-image-wrap \"><a target=\"_self\" href=\"https:\/\/maison-des-accompagnateurs.fr\/?page_id=3915\" ><figure class=\"ut-fancy-image\">\r\n        <img loading=\"lazy\" decoding=\"async\" data-adaptive-images=\"{&quot;300&quot;:&quot;https:\\\/\\\/maison-des-accompagnateurs.fr\\\/wp-content\\\/uploads\\\/2025\\\/02\\\/20240716_211437-1-300x169.jpg&quot;,&quot;500&quot;:&quot;https:\\\/\\\/maison-des-accompagnateurs.fr\\\/wp-content\\\/uploads\\\/2025\\\/02\\\/20240716_211437-1-500x281.jpg&quot;,&quot;750&quot;:&quot;https:\\\/\\\/maison-des-accompagnateurs.fr\\\/wp-content\\\/uploads\\\/2025\\\/02\\\/20240716_211437-1-750x422.jpg&quot;,&quot;1000&quot;:&quot;https:\\\/\\\/maison-des-accompagnateurs.fr\\\/wp-content\\\/uploads\\\/2025\\\/02\\\/20240716_211437-1-1000x562.jpg&quot;,&quot;1500&quot;:&quot;https:\\\/\\\/maison-des-accompagnateurs.fr\\\/wp-content\\\/uploads\\\/2025\\\/02\\\/20240716_211437-1-1500x843.jpg&quot;,&quot;2500&quot;:&quot;https:\\\/\\\/maison-des-accompagnateurs.fr\\\/wp-content\\\/uploads\\\/2025\\\/02\\\/20240716_211437-1-2500x1406.jpg&quot;}\" src=\"data:image\/svg+xml;charset=utf-8,%3Csvg xmlns%3D'http%3A%2F%2Fwww.w3.org%2F2000%2Fsvg' viewBox%3D'0 0 1500 843'%2F%3E\" width=\"1500\" height=\"843\" data-src=\"https:\/\/maison-des-accompagnateurs.fr\/wp-content\/uploads\/2025\/02\/20240716_211437-1-1500x843.jpg\" data-image-id=\"4204\" class=\"ut-adaptive-image wp-post-image skip-lazy \">\r\n\r\n        <figcaption><h3>Grands Causses<\/h3><\/figcaption><\/figure><\/a><\/div>[\/vc_column_inner][\/vc_row_inner][\/vc_column][\/vc_row][vc_row][vc_column width=\u00a0\u00bb1\/3&Prime;][\/vc_column][vc_column width=\u00a0\u00bb1\/3&Prime;][vc_column_text]Cliquez sur le logo pour t\u00e9l\u00e9charger notre brochure[\/vc_column_text]<div  class=\"wpb_content_element   clearfix\"><style type=\"text\/css\">#ut_am_69e613738b66e { opacity: 1; }#ut_am_wrap_69e613738b66f .ut-image-gallery-item-caption-title h3 { letter-spacing: 0em; }#ut_am_wrap_69e613738b66f .ut-gallery-slider-caption { font-weight: bold; }#ut_am_wrap_69e613738b66f { text-align: left; }@media (min-width: 768px) and (max-width: 1024px) { #ut_am_wrap_69e613738b66f { text-align: left !important; } }@media (max-width: 767px) { #ut_am_wrap_69e613738b66f { text-align: center !important; } }<\/style><div id=\"ut_am_wrap_69e613738b66f\" class=\"ut-image-gallery-image \"><div id=\"ut_reveal_69e613738b670\"  data-appear-top-offset=\"auto\" class=\"ut-animated-image-item ut-image-gallery-item ut-animation-done \"><a target=\" _blank\" href=\"http:\/\/maison-des-accompagnateurs.fr\/wp-content\/uploads\/2025\/03\/MdA-Plaquette-9.pdf\" ><div class=\"ut-animated-image-zoom\"><img loading=\"lazy\" decoding=\"async\" class=\"ut-lazy skip-lazy ut-animated-image \"  id=\"ut_am_69e613738b66e\" src=\"data:image\/svg+xml;charset=utf-8,%3Csvg xmlns%3D'http%3A%2F%2Fwww.w3.org%2F2000%2Fsvg' viewBox%3D'0 0 325 217'%2F%3E\" data-src=\"https:\/\/maison-des-accompagnateurs.fr\/wp-content\/uploads\/2025\/02\/LOGO-PETIT-MAISON-DES.jpg\" width=\"325\" height=\"217\" alt=\"\"\/><\/div><\/a><\/div><\/div><\/div>[\/vc_column][vc_column width=\u00a0\u00bb1\/3&Prime;][\/vc_column][\/vc_row][\/vc_section]<\/p>\n","protected":false},"excerpt":{"rendered":"<p>[vc_section][vc_row][vc_column][vc_column_text]Nos s\u00e9jours famille ont \u00e9t\u00e9 imagin\u00e9s avec nos Tours op\u00e9rateurs sp\u00e9cialistes partenaires. Ils sont adapt\u00e9s \u00e0 l&rsquo;\u00e2ge de vos enfants, au rythme des vacances en famille et ils sont encadr\u00e9s par des professionnels locaux. Nature Occitane est le\u00a0sp\u00e9cialistes de ces s\u00e9jours multi activit\u00e9 en famille dans le Sud de la France, en Occitanie. Depuis 2012, [&hellip;]<\/p>\n","protected":false},"author":1,"featured_media":0,"parent":0,"menu_order":0,"comment_status":"closed","ping_status":"closed","template":"","meta":{"footnotes":""},"_links":{"self":[{"href":"https:\/\/maison-des-accompagnateurs.fr\/index.php?rest_route=\/wp\/v2\/pages\/6"}],"collection":[{"href":"https:\/\/maison-des-accompagnateurs.fr\/index.php?rest_route=\/wp\/v2\/pages"}],"about":[{"href":"https:\/\/maison-des-accompagnateurs.fr\/index.php?rest_route=\/wp\/v2\/types\/page"}],"author":[{"embeddable":true,"href":"https:\/\/maison-des-accompagnateurs.fr\/index.php?rest_route=\/wp\/v2\/users\/1"}],"replies":[{"embeddable":true,"href":"https:\/\/maison-des-accompagnateurs.fr\/index.php?rest_route=%2Fwp%2Fv2%2Fcomments&post=6"}],"version-history":[{"count":12,"href":"https:\/\/maison-des-accompagnateurs.fr\/index.php?rest_route=\/wp\/v2\/pages\/6\/revisions"}],"predecessor-version":[{"id":4694,"href":"https:\/\/maison-des-accompagnateurs.fr\/index.php?rest_route=\/wp\/v2\/pages\/6\/revisions\/4694"}],"wp:attachment":[{"href":"https:\/\/maison-des-accompagnateurs.fr\/index.php?rest_route=%2Fwp%2Fv2%2Fmedia&parent=6"}],"curies":[{"name":"wp","href":"https:\/\/api.w.org\/{rel}","templated":true}]}}